ate the highest common divisor of 455 and 2240.
35
Calculate the greatest common divisor of 60 and 6.
6
What is the greatest common factor of 3430 and 350?
70
What is the highest common factor of 122 and 549?
61
What is the highest common factor of 169 and 26?
13
Calculate the highest common factor of 3317 and 214.
107
Calculate the highest common factor of 154 and 14.
14
What is the greatest common factor of 25379 and 41?
41
Calculate the highest common factor of 4947 and 153.
51
What is the highest common divisor of 204 and 272?
68
What is the greatest common factor of 72 and 54?
18
What is the highest common factor of 11 and 14377?
11
Calculate the greatest common divisor of 572 and 308.
44
What is the highest common factor of 231 and 11?
11
Calculate the greatest common factor of 833 and 17.
17
What is the greatest common divisor of 108 and 444?
12
What is the highest common divisor of 70 and 20?
10
Calculate the highest common divisor of 33108 and 178.
178
What is the highest common divisor of 96 and 744?
24
What is the greatest common divisor of 1407 and 42?
21
Calculate the greatest common factor of 1547 and 1768.
221
Calculate the highest common factor of 350 and 1540.
70
What is the highest common divisor of 5 and 9?
1
What is the highest common divisor of 884 and 52?
52
What is the greatest common factor of 1369 and 481?
37
Calculate the greatest common factor of 140 and 8.
4
What is the greatest common divisor of 611 and 26?
13
Calculate the greatest common factor of 7344 and 36.
36
What is the greatest common factor of 10008 and 72?
72
Calculate the highest common divisor of 105 and 7035.
105
What is the greatest common divisor of 12 and 3462?
6
Calculate the highest common factor of 25 and 45.
5
Calculate the highest common factor of 109 and 10573.
109
What is the greatest common divisor of 6385 and 5?
5
What is the greatest common factor of 15 and 4405?
5
Calculate the greatest common divisor of 65 and 355.
5
What is the greatest common divisor of 1092 and 168?
84
Calculate the highest common divisor of 856 and 8.
8
Calculate the greatest common factor of 1859 and 2873.
169
Calculate the greatest common divisor of 4 and 244.
4
Calculate the greatest common factor of 3568 and 6467.
223
Calculate the highest common factor of 97 and 2425.
97
Calculate the greatest common divisor of 5 and 8.
1
Calculate the greatest common factor of 28 and 210.
14
Calculate the greatest common factor of 97 and 68579.
97
What is the highest common divisor of 56 and 916?
4
What is the highest common divisor of 234 and 6669?
117
Calculate the greatest common divisor of 2079 and 1701.
189
What is the highest common factor of 234 and 1404?
234
What is the highest common divisor of 200 and 45600?
200
Calculate the highest common divisor of 42 and 1610.
14
What is the highest common divisor of 57 and 3667?
19
Calculate the highest common factor of 11 and 297.
11
What is the highest common factor of 528 and 44?
44
Calculate the greatest common divisor of 18 and 7398.
18
What is the highest common factor of 35504 and 7?
7
What is the greatest common factor of 315 and 189?
63
Calculate the greatest common divisor of 878 and 2.
2
Calculate the greatest common factor of 82 and 13.
1
Calculate the greatest common divisor of 791 and 113.
113
Calculate the highest common factor of 14 and 34.
2
What is the greatest common divisor of 168 and 30?
6
What is the greatest common divisor of 425 and 20?
5
What is the greatest common divisor of 1687 and 35?
7
What is the highest common divisor of 3 and 87?
3
Calculate the greatest common divisor of 136 and 100.
4
What is the highest common factor of 380 and 20?
20
What is the greatest common divisor of 28 and 406?
14
What is the highest common factor of 150 and 120?
30
Calculate the highest common divisor of 54 and 3384.
18
Calculate the greatest common factor of 1800 and 80.
40
What is the highest common factor of 35 and 728?
7
Calculate the highest common factor of 82 and 2624.
82
Calculate the highest common factor of 48 and 2928.
48
Calculate the greatest common factor of 4563 and 27.
27
Calculate the highest common factor of 984 and 24.
24
What is the highest common divisor of 456 and 2850?
114
Calculate the greatest common factor of 1140 and 60.
60
What is the highest common divisor of 1148 and 84?
28
What is the highest common divisor of 615 and 15?
15
What is the greatest common divisor of 31753 and 113?
113
Calculate the highest common factor of 18 and 7434.
18
What is the highest common divisor of 58 and 2726?
58
What is the highest common factor of 70 and 10?
10
Calculate the highest common factor of 66 and 2519.
11
What is the greatest common factor of 549 and 9?
9
Calculate the greatest common factor of 261 and 319.
29
What is the greatest common divisor of 6 and 114?
6
What is the highest common divisor of 313 and 9703?
313
What is the greatest common factor of 72 and 117?
9
Calculate the highest common factor of 203 and 39991.
203
What is the highest common divisor of 68 and 85?
17
Calculate the highest common factor of 69 and 183.
3
Calculate the greatest common factor of 2210 and 1560.
130
What is the highest common divisor of 122 and 2989?
61
Calculate the greatest common factor of 1911 and 39.
39
What is the greatest common factor of 38 and 513?
19
Calculate the highest common factor of 8789 and 153.
17
Calculate the highest common factor of 374 and 119.
17
What is the greatest common divisor of 143 and 26?
13
What is the highest common divisor of 20 and 332?
4
What is the greatest common divisor of 471 and 157?
157
Calculate the greatest common factor of 125 and 425.
25
What is the highest common factor of 125 and 16375?
125
What is the highest common divisor of 224 and 490?
14
What is the highest common divisor of 24 and 732?
12
What is the highest common divisor of 21 and 42?
21
Calculate the greatest common divisor of 261 and 45.
9
Calculate the highest common divisor of 1441 and 3275.
131
Calculate the greatest common factor of 108 and 5652.
36
Calculate the highest common factor of 3262 and 14.
14
Calculate the greatest common divisor of 558 and 217.
31
Calculate the greatest common divisor of 30 and 32145.
15
What is the greatest common divisor of 5915 and 507?
169
Calculate the greatest common divisor of 90 and 990.
90
What is the greatest common factor of 119 and 28?
7
What is the highest common factor of 621 and 1357?
23
What is the greatest common divisor of 9025 and 125?
25
What is the highest common factor of 88 and 1144?
88
What is the highest common factor of 14241 and 705?
141
What is the greatest common factor of 160 and 2260?
20
What is the greatest common factor of 2926 and 1197?
133
Calculate the highest common divisor of 3915 and 135.
135
What is the greatest common factor of 99 and 121?
11
Calculate the highest common divisor of 3798 and 90.
18
What is the greatest common factor of 9937 and 38?
19
Calculate the highest common divisor of 4620 and 280.
140
What is the greatest common divisor of 212 and 70172?
212
What is the highest common factor of 112 and 328?
8
Calculate the greatest common factor of 960 and 208.
16
Calculate the highest common divisor of 54 and 8748.
54
Calculate the highest common factor of 390 and 30.
30
Calculate the greatest common factor of 94 and 94.
94
What is the greatest common factor of 2993 and 73?
73
What is the greatest common divisor of 492 and 24?
12
What is the highest common divisor of 48 and 6?
6
Calculate the greatest common divisor of 582 and 40449.
291
What is the greatest common factor of 6 and 123?
3
Calculate the highest common factor of 323 and 68.
17
Calculate the highest common factor of 880 and 10.
10
What is the greatest common factor of 38 and 174?
2
What is the highest common factor of 72 and 3708?
36
What is the highest common factor of 115 and 69?
23
Calculate the greatest common factor of 42 and 210.
42
Calculate the highest common factor of 2349 and 3.
3
Calculate the greatest common divisor of 999 and 27.
27
Calculate the highest common divisor of 62100 and 180.
180
What is the greatest common divisor of 18 and 1107?
9
What is the highest common divisor of 117 and 27?
9
Calculate the highest common factor of 4380 and 90.
30
